17 - p/(-2 + 1). Calculate the highest common factor of a and 32.
16
Let t(d) = 2*d**3 + 7*d**2 + 2*d + 3. Let s be t(-3). What is the highest common factor of 978 and s?
6
Suppose 14*m - 60 = -6*m. Let u be m - (3 - -1 - 7). What is the highest common divisor of 9 and u?
3
Let i = 854 + -759. Let o(a) = 3*a**2 - 3*a + 2. Let x be o(-3). What is the greatest common factor of x and i?
19
Let a be (-31)/(-155) + 999/5. Calculate the greatest common divisor of a and 56.
8
Let z(n) = 43*n + 5. Let x be z(1). Let q = x - 37. What is the greatest common divisor of q and 22?
11
Let i = -385 + 739. Suppose 4*l = 2*l + i. Suppose 2*j - 216 = -5*w + l, -5*j = -20. What is the highest common factor of 11 and w?
11
Let h(t) = -t**2 + 8*t + 11. Let s be -5 - (-1)/((-3)/(-42)). Let d be h(s). What is the greatest common divisor of 16 and d?
2
Let n = 267 - 113. Suppose -2*u = 4*a - 66, u - 7 = -2. Calculate the greatest common divisor of a and n.
14
Suppose -43 = -4*j + 5. Suppose -3*w + 4*w = b - 12, 3*b - j = -5*w. What is the greatest common factor of b and 162?
9
Suppose -8*t + 768 + 744 = 0. Calculate the highest common divisor of t and 7.
7
Let g be ((-24)/(-10))/(13/130). Let z = g + 88. Calculate the highest common factor of z and 16.
16
Let o be -391 - 11/(44/8). Let a(n) = -169*n**2 - n - 1. Let u be a(2). Let r = o - u. What is the greatest common divisor of r and 26?
26
Suppose -s + 1 = -5. Suppose 3*d - s*d - 2*r + 40 = 0, 5*d + r = 76. What is the highest common divisor of d and 8?
8
Let k = -252 + 267. What is the highest common factor of 405 and k?
15
Let w(z) = -z**2 + 9*z - 5. Let g be w(9). Let c be 2 + 6/g + (-1032)/(-10). Calculate the greatest common factor of c and 26.
26
Let o(j) = j**2 + 3*j + 1. Let a be o(-6). Calculate the highest common divisor of a and 76.
19
Let d(m) = -2*m**2 + 23*m - 10. Let t be d(10). Suppose 110 = 21*z - 1150. What is the greatest common factor of z and t?
20
Let m(j) = 13*j - 13. Let h be m(3). Let p = -4 + h. What is the greatest common divisor of 33 and p?
11
Suppose -6*u + 364 = -428. Let l(c) = 2*c**2 + 5*c - 3. Let s be l(-5). Let x = s + -10. What is the highest common divisor of x and u?
12
Let t(a) = -4*a + 3. Let g be t(-14). Calculate the highest common factor of g and 236.
59
Let n be ((-88)/6)/(-1*(-3)/(-126)). What is the greatest common divisor of 112 and n?
56
Suppose 1107 = 5*p + 297. What is the highest common factor of p and 405?
81
Let x(h) = 4*h - 15. Let m be x(-6). Let y = 9 - m. What is the highest common divisor of 144 and y?
48
Let f(y) = -2 - 8*y**3 - y + 7*y**2 + 7*y**3 - 2 - y**2. Let z be (-2)/1 + 5 - -1. Let q be f(z). Calculate the greatest common factor of q and 60.
12
Let c = -41 - -62. What is the greatest common divisor of 273 and c?
21
Let s = 315 - 239. What is the greatest common factor of s and 57?
19
Suppose 19 = 5*d + 9. Suppose -7*i = -d*i - 260. What is the greatest common factor of 13 and i?
13
Let z = -176 - -272. Suppose 0 = 3*q + 4*d - z, 0*q + 87 = 3*q + d. Suppose 67 - 270 = 8*a - 37*a. What is the greatest common factor of q and a?
7
Let l = -1 - 0. Let w be 1/((2/(-12))/l). Suppose -4*n + 34 = 3*i, -10*i - 5*n + 38 = -7*i. Calculate the greatest common divisor of i and w.
6
Suppose 0*d = 2*d. Suppose 66 = 4*b - d*b - w, -3*b = 2*w - 44. Let r be 1/(-4) + 836/b. What is the highest common divisor of 130 and r?
26
Let g = -20 + 30. Suppose -6*h + g*h = 440. Calculate the greatest common divisor of 10 and h.
10
Suppose 4*n = -3*y + 352, 5*y - 176 = -2*n + 7*y. Calculate the greatest common factor of n and 8.
8
Let w = 34 + -33. Let b be w/(-1) + (-275)/(-11). What is the highest common divisor of 144 and b?
24
Let c(i) = -i**3 - 35*i**2 - 106*i - 201. Let s be c(-32). Let k = -12 - -29. What is the highest common factor of k and s?
17
Let x(g) = -396*g - 509. Let l be x(-7). What is the greatest common divisor of l and 31?
31
Suppose -4*x - 74 = -a - 22, -4*x - 5*a - 28 = 0. Let r be (-3)/x + (-902)/(-8). Suppose 28 - r = -5*u. What is the greatest common divisor of u and 51?
17
Let u(y) = -y**3 + 16*y**2 + 10*y + 7. Let r be u(17). Let s = 172 + r. Suppose q + 9 = -2*q, 2*x = 3*q + 33. What is the highest common factor of s and x?
12
Suppose 7*l - 11*l + 20 = 0. Suppose -5*y = -g + 476 - 89, 4*g + l*y = 1648. What is the highest common factor of 37 and g?
37
Suppose 0 = -5*n + n. Suppose -72 = -3*r + 4*y, -34 = -2*r - 2*y - n. What is the highest common divisor of r and 4?
4
Let x be 7/(-2)*(-6)/(-3) - -646. Calculate the highest common factor of 9 and x.
9
Let w(a) = -a**3 - 4*a**2 + 7*a + 12. Let t be w(-5). Let v be t/4 - (-42)/12. Suppose -6*k + 28 = -v*k. Calculate the highest common divisor of 14 and k.
14
Let j = -11 - -6. Let f(p) = -p**3 - 6*p**2 - 7*p - 3. Let y be f(j). Suppose 5*w = y*w - 132. What is the highest common factor of 22 and w?
22
Suppose -5*t = 25, 5*r + 3*t + 4 = 9. Suppose -r*w - 4*w = -2592. Calculate the highest common divisor of 36 and w.
36
Let z(c) = c**2 - c + 4. Let h be z(4). Let g be (h/(-12) + 2)*6. Suppose 0 = -g*j + j + 165. Calculate the highest common divisor of j and 5.
5
Suppose -32 = -8*w + 72. Suppose 0 = 6*o - w*o + 231. What is the greatest common factor of o and 22?
11
Suppose 33*v = 26*v + 126. What is the highest common factor of 30 and v?
6
Let w = -47 + 67. Let v = w + -10. Suppose 4 = i, -4*t = -0*t - 2*i - 352. What is the greatest common divisor of v and t?
10
Let t(r) = 6*r + 29. Let b be t(-9). Let n = b + 76. What is the highest common factor of 34 and n?
17
Suppose 38*p = 5*p + 396. What is the highest common factor of p and 33?
3
Let b(n) = n**2 - 8*n - 10. Let k be b(10). Calculate the highest common divisor of 110 and k.
10
Let j = 27 + -10. Suppose 4*z - 3*p - 470 = 0, -z + 180*p = 183*p - 125. What is the greatest common factor of z and j?
17
Let p be (-97)/(-4) - 2/8. Let y(o) = -5*o + 86. Let u be y(0). Let k be (-12)/p - u/(-4). Calculate the greatest common factor of k and 189.
21
Let v(c) = 2*c + 2. Let u be v(5). Suppose 38*s = 10*s - 3*s + 1860. What is the greatest common factor of s and u?
12
Suppose 5*w - 57 = 3. Let j = -14 - -5. Let a be (-6)/(-2 - j/6). What is the greatest common factor of a and w?
12
Suppose 18*r = 12*r + 396. What is the greatest common factor of 132 and r?
66
Let j(n) = n**2 + 3*n - 42. Let u be j(6). Calculate the highest common factor of 102 and u.
6
Let q(i) = i**3 + 3*i**2 - 6*i - 8. Let x = -70 - -74. Let o be q(x). Calculate the greatest common factor of o and 32.
16
Suppose -4*y - 4*a = a - 28, -a - 52 = -4*y. Suppose 5*j - 59 = 3*w, -5*j + 2*w + 49 = -y. Calculate the greatest common factor of 104 and j.
13
Suppose -3*a = -a + 6. Let o(w) = w**3 - w**2 + w - 4. Let i be o(0). Let t be (i - 2)*68/a. Calculate the highest common divisor of t and 17.
17
Suppose -3*w = -2*g - 16, 5*w - g - 28 = g. Let n be (-4)/w*(-4 + 1). Calculate the highest common divisor of 2 and n.
2
Let h = 20 - -13. Suppose -2*m + 131 = -h. What is the highest common factor of m and 41?
41
Let r be (-12)/(-2)*(-3)/(-2). Calculate the highest common divisor of 9 and r.
9
Suppose 0 = -66*y - 1369 + 4273. Let u(g) = 22*g**2. Let d be u(1). Calculate the greatest common divisor of d and y.
22
Let g = 1 - 3. Let o(p) be the third derivative of -p**6/120 - p**5/30 + p**3/3 - 65*p**2 + 1. Let t be o(g). Calculate the greatest common factor of 6 and t.
2
Let k = -16 + 56. Suppose 6 + 6 = 4*q + 3*p, -5*p = 5*q - 15. Suppose 10 = q*f - f. What is the greatest common divisor of f and k?
5
Suppose -c - c = -78. Suppose 3*a = 4*t - 31, 0*a + 4*a - 3*t = -c. Let o = a + 13. Calculate the greatest common factor of 32 and o.
4
Suppose -13*w + 53 = -38. Let u = 49 - 0. Calculate the highest common divisor of w and u.
7
Let d(l) = 9*l**3 - l - 4. Let p be d(2). Calculate the highest common factor of p and 99.
33
Let j = -30 - -32. Suppose -j*x = -3*x - d + 6, 5*x = -2*d + 30. Suppose 15 = -x*g + 3*g, -3*s = -g - 158. Calculate the highest common divisor of 34 and s.
17
Suppose n - 2*n = 4*z - 23, -3*n = -5*z - 86. Let b = 231 - 158. Suppose -5*a = -b - n. What is the highest common factor of 10 and a?
10
Suppose -15*k = -13*k - 28. Let q be (-1 + -34)/((-18)/4 + 4). Calculate the greatest commo